e remainder when 15544702 is divided by 763.
103
What is the remainder when 1359903 is divided by 97?
60
Calculate the remainder when 38334361 is divided by 525128.
17
What is the remainder when 303490 is divided by 19?
3
What is the remainder when 153128 is divided by 76393?
342
Calculate the remainder when 4738482 is divided by 2945.
2922
Calculate the remainder when 7250647 is divided by 486.
13
What is the remainder when 78920 is divided by 1543?
227
Calculate the remainder when 56829154 is divided by 429.
382
Calculate the remainder when 3600417 is divided by 1882.
151
Calculate the remainder when 30052 is divided by 29548.
504
What is the remainder when 30388 is divided by 29510?
878
What is the remainder when 1002271 is divided by 34561?
2
What is the remainder when 20470 is divided by 5114?
14
Calculate the remainder when 984322 is divided by 246.
76
What is the remainder when 6163324 is divided by 3081625?
74
What is the remainder when 141912 is divided by 1631?
15
Calculate the remainder when 305355 is divided by 5651.
201
Calculate the remainder when 184777480 is divided by 2788.
2780
Calculate the remainder when 6116015 is divided by 91.
87
What is the remainder when 78922463 is divided by 426?
425
Calculate the remainder when 812790 is divided by 391.
292
Calculate the remainder when 291911694 is divided by 6633.
6630
Calculate the remainder when 45657988 is divided by 1677.
1663
Calculate the remainder when 3625501 is divided by 12085.
1
What is the remainder when 7562621 is divided by 7?
3
What is the remainder when 164837 is divided by 5937?
4538
Calculate the remainder when 27705538 is divided by 742.
0
Calculate the remainder when 1017039 is divided by 25412.
559
Calculate the remainder when 9886966 is divided by 515.
511
Calculate the remainder when 8991485 is divided by 216.
53
What is the remainder when 4425688 is divided by 276595?
168
What is the remainder when 3570 is divided by 2224?
1346
What is the remainder when 2387852 is divided by 265316?
8
What is the remainder when 321099 is divided by 160316?
467
Calculate the remainder when 27338436 is divided by 1355.
1311
Calculate the remainder when 275955 is divided by 1714.
1
What is the remainder when 140306 is divided by 3910?
3456
What is the remainder when 14149092 is divided by 46543?
20
Calculate the remainder when 2072675 is divided by 3443.
3432
Calculate the remainder when 2396646 is divided by 1786.
1620
Calculate the remainder when 260316 is divided by 260251.
65
Calculate the remainder when 311163 is divided by 5459.
0
Calculate the remainder when 207246730 is divided by 33.
31
Calculate the remainder when 9164099 is divided by 366559.
124
What is the remainder when 4162727 is divided by 62?
47
Calculate the remainder when 1895999 is divided by 44086.
301
Calculate the remainder when 326096 is divided by 374.
342
What is the remainder when 1477842 is divided by 211?
209
What is the remainder when 164204 is divided by 345?
329
Calculate the remainder when 313931824 is divided by 1489.
1487
Calculate the remainder when 5301008 is divided by 182.
76
Calculate the remainder when 17377550 is divided by 360.
350
What is the remainder when 300159 is divided by 33289?
558
Calculate the remainder when 750565 is divided by 818.
459
What is the remainder when 152460 is divided by 4789?
4001
What is the remainder when 3095563 is divided by 2409?
2407
What is the remainder when 99793 is divided by 6277?
5638
Calculate the remainder when 94074 is divided by 46116.
1842
Calculate the remainder when 2340878 is divided by 2198.
8
Calculate the remainder when 2122807 is divided by 707589.
40
Calculate the remainder when 7293155 is divided by 198.
23
Calculate the remainder when 95695 is divided by 44.
39
What is the remainder when 60166 is divided by 11383?
3251
Calculate the remainder when 2356105 is divided by 40.
25
What is the remainder when 22726 is divided by 2160?
1126
What is the remainder when 18930311 is divided by 189303?
11
What is the remainder when 56488 is divided by 58?
54
What is the remainder when 2061421 is divided by 138?
115
Calculate the remainder when 81714 is divided by 81448.
266
Calculate the remainder when 337862 is divided by 12981.
356
Calculate the remainder when 12341 is divided by 1304.
605
Calculate the remainder when 18713603 is divided by 4678396.
19
What is the remainder when 78407 is divided by 4803?
1559
What is the remainder when 653241 is divided by 77?
50
Calculate the remainder when 5800646 is divided by 36254.
6
What is the remainder when 287938 is divided by 35858?
1074
Calculate the remainder when 158348 is divided by 1441.
1279
What is the remainder when 1394255 is divided by 93?
92
What is the remainder when 4289286 is divided by 178?
20
What is the remainder when 126635 is divided by 12148?
5155
Calculate the remainder when 39016469 is divided by 838.
27
Calculate the remainder when 3361880 is divided by 305624.
16
Calculate the remainder when 35425013 is divided by 109.
13
What is the remainder when 1054678 is divided by 5039?
1527
What is the remainder when 9715048 is divided by 82?
16
Calculate the remainder when 7760202 is divided by 3880094.
14
Calculate the remainder when 22740069 is divided by 292.
277
Calculate the remainder when 16525 is divided by 6184.
4157
What is the remainder when 6740139 is divided by 11?
10
Calculate the remainder when 481098 is divided by 8390.
2868
Calculate the remainder when 22266485 is divided by 583.
549
What is the remainder when 193451 is divided by 82?
13
Calculate the remainder when 515195997 is divided by 66.
63
Calculate the remainder when 2814953 is divided by 491.
50
What is the remainder when 88826 is divided by 21873?
1334
What is the remainder when 156607726 is divided by 19?
17
What is the remainder when 68566932 is divided by 667?
666
What is the remainder when 47869 is divided by 21500?
4869
What is the remainder when 45363 is divided by 21971?
1421
What is the remainder when 516979 is divided by 2110?
29
Calculate the remainder when 1069974 is divided by 64.
22
What is the remainder when 7383004 is divided by 222?
172
What is the remainder when 35832 is divided by 1280?
1272
Calculate the remainder when 60097 is divided by 14816.
833
Calculate the remainder when 8072 is divided by 3384.
1304
What is the remainder when 18607 is divided by 13?
4
Calculate the remainder when 96121 is divided by 3195.
271
Calculate the remainder when 32395 is divided by 407.
242
What is the remainder when 132320283 is divided by 213?
210
What is the remainder when 9057479 is divided by 3019156?
11
Calculate the remainder when 3604097 is divided by 600669.
83
Calculate the remainder when 765783 is divided by 42542.
27
Calculate the remainder when 1634569 is divided by 817268.
33
Calculate the remainder when 213908 is divided by 1452.
464
What is the remainder when 5682646 is divided by 1420659?
10
What is the remainder when 20251899 is divided by 50?
49
Calculate the remainder when 126216 is divided by 4674.
18
What is the remainder when 1438437 is divided by 719217?
3
What is the remainder when 1212737 is divided by 3743?
5
What is the remainder when 163686 is divided by 27280?
6
What is the remainder when 170197 is divided by 2075?
47
What is the remainder when 10204799 is divided by 2040941?
94
Calculate the remainder when 94992283 is divided by 10554698.
1
What is the remainder when 406880818 is divided by 60?
58
What is the remainder when 443207 is divided by 12311?
11
Calculate the remainder when 148529 is divided by 7421.
109
Calculate the remainder when 11465062 is divided by 11465060.
2
Calculate the remainder when 5201975 is divided by 2313.
38
Calculate the remainder when 65437389 is divided by 499522.
7
Calculate the remainder when 105626 is divided by 13196.
58
What is the remainder when 1071396 is divided by 357130?
6
What is the remainder when 506343 is divided by 255?
168
Calculate the remainder when 101452 is divided by 8423.
376
What is the remainder when 244385 is divided by 300?
185
Calculate the remainder when 683881 is divided by 615.
1
What is the remainder when 37409 is divided by 613?
16
What is the remainder when 14816448 is divided by 242?
240
What is the remainder w